13969 = 3*y, 2*u + 5*y = 6981. Is u a composite number?
True
Let y(r) = 149*r**2 + 3*r - 13. Suppose -3*i - 481 = -490. Is y(i) prime?
False
Suppose 28*y + 39*y = -44*y + 561327. Is y a composite number?
True
Suppose 4*t = -t + 4*t + 22633. Is t prime?
False
Let d = 1104 + 1869. Suppose 2*l + 4*h - 1982 = 0, -3*l + 0*l = -h - d. Is l a composite number?
False
Is (-12 + 65/(-50)*-955)/(2/4) composite?
False
Let w = 3765 + -961. Suppose -12*z + 8*z = -w. Is z prime?
True
Suppose -13*b + 11*b = d - 1437154, 0 = -2*b + 3*d + 1437170. Is b a prime number?
True
Let r = 40345 + 5673. Suppose -r = -15*o + o. Is o a composite number?
True
Suppose 0 = -4*k - i + 58, 28 + 40 = 4*k - 4*i. Suppose 11*r - k*r = -1564. Is r a prime number?
False
Let f = 247 + -149. Is (2/(4/(-893)))/((-49)/f) a prime number?
False
Let j = 56 + -47. Suppose 5*d = j + 1. Suppose 1 = y + 3, -2*a + 762 = -d*y. Is a a composite number?
False
Let r(y) be the second derivative of 31*y**4/3 + 19*y**3/2 - 21*y**2/2 - y - 69. Is r(12) a composite number?
True
Let y(g) = 19*g**2 + 946*g + 363. Is y(-164) a prime number?
True
Let m(p) = 3*p**3 - 6*p**2 + 4. Let n be m(5). Suppose 0 = -v + n + 1612. Is v prime?
False
Let l(f) = 1548*f**3 - f**2 + 72*f - 145. Is l(2) a composite number?
False
Let y(p) = -835*p - 16. Let o be y(5). Let w = o + 7400. Suppose -9*k = 140 - w. Is k prime?
False
Let w(s) = s**3 - 2*s**2 - 2*s - 1. Let q be w(3). Let b be 1 + q/(3 + 10/(-4)). Suppose -4*x = -b*l - 8*x + 215, 4*l + x - 161 = 0. Is l a prime number?
False
Let c = 429 - 402. Suppose -9367 = -c*m + 866. Is m a prime number?
True
Let f = -61579 - -130482. Is f a composite number?
False
Suppose k + 75 = 2*p, 3*p - 3*k - 117 = -0*k. Let x = p - 32. Suppose l + x*l = 5595. Is l a prime number?
False
Suppose -5*b = -0*b + 5*u, 0 = -4*b - 2*u. Let n(r) = r + 1145. Let y be n(b). Let d = 246 + y. Is d composite?
True
Suppose -15*q + 10*q + 10 = 0. Let p(k) = -k**3 - 2*k**2 + 2*k - 4. Let l be p(-3). Is (6 + (-845)/10)/(l/q) composite?
False
Let v be -10*((-20)/8)/5. Suppose v*c + 32164 = -4836. Let m = c - -15295. Is m a composite number?
True
Let l = 313434 + -195853. Is l a composite number?
True
Let a(p) = -9*p**2 - p + 53. Let s be a(-16). Let n = 844 - s. Is n a composite number?
False
Suppose -l + 35 = 2*v, 5*v - 2*v - l = 40. Suppose -6*q = -9*q - v, -2*q = -5*p + 5495. Is p a prime number?
True
Let l be (9/(-3))/((-3)/(-254)). Suppose 5*c = 2*a - 5*a + 1997, 790 = 2*c - a. Let u = l + c. Is u a composite number?
True
Suppose -37691 = 27*t + 1945. Let n = t + 2861. Is n a composite number?
True
Suppose 119 - 65 = 2*d. Is 19202 - d/(-72)*-8 a composite number?
True
Suppose -4*t - 144 + 953 = -l, -2472 = 3*l - 3*t. Let g = l + 1282. Is g a prime number?
False
Suppose 5*h - 4*a + 8678 = 0, -7*h + 2*h + a - 8672 = 0. Let j = -827 - h. Is j a prime number?
True
Let u(f) = -f**2 - 23*f - 31. Let s(w) = w**2 + 24*w + 33. Let n(d) = 5*s(d) + 4*u(d). Is n(37) composite?
True
Is 6 - ((-21)/7 - 193647) - -1 prime?
False
Suppose -6 = -6*s - 0*s. Suppose s = 15*u - 16*u. Is 115/23*(u + 168) prime?
False
Let c(m) = 1841*m + 53. Is c(6) a composite number?
True
Suppose -3*p - 164771 = -n, 366954 = -4*n + 4*p + 1026086. Is n a composite number?
False
Is -9 + 6/(4*15/1088720) composite?
False
Let w(d) = 10*d - 12. Let p be w(7). Let c = -56 + p. Suppose 0 = 3*g - 12, -c*k + g + 2550 = -0*k. Is k composite?
False
Suppose -2*d = -338 - 1104. Suppose d = -4*n + 3869. Is n composite?
False
Suppose -4*n = 3*q - 259933 - 36538, q + 7 = 0. Is n a prime number?
False
Suppose 5*r = 3*s - 1 + 20, -r + 5 = 0. Suppose 2*f - s = 0, 3*o + f - 882 = 562. Let g = o + -302. Is g prime?
True
Let l = 85 + -85. Suppose l = -27*y + 26*y + 1259. Is y prime?
True
Let h = -3 - 103. Let d = 64 + h. Is 4/14 + 5 + (-6540)/d prime?
False
Let y be -1 - (-83315)/25 - (-4)/10. Suppose b + 3*b = -3*f - y, 3*f + 3360 = 3*b. Let v = f + 1905. Is v a composite number?
True
Let u = 20725 + -11348. Is u prime?
True
Is (7/(-14))/((-2)/(-46))*-10198 a prime number?
False
Let n(q) = q**3 + 6*q**2 + 4*q - 3. Suppose 3*w + h = 7*w + 16, w - 3 = 2*h. Let m be n(w). Is (m - 1)/(-2 - (-1195)/597) a prime number?
False
Let y(w) = -452*w + 6437. Is y(-12) prime?
False
Suppose -1407836 + 444745 = -19*z. Is z a prime number?
False
Let t(q) = 223*q**3 - 3*q**2 + 3*q - 8. Is t(9) a prime number?
True
Suppose -u = -r - 2, -u + 3 = -2*r - 5. Let c be (-15)/r*18/15. Suppose -2096 = -d - c*y, -d + 2*y = 492 - 2593. Is d composite?
False
Is 1443840522/4118 + 4/58 composite?
False
Let g = 1767 - 487. Suppose -p = 4*k - 27810, -g = -k + p + 5675. Is k a composite number?
True
Suppose b - 3 + 8 = 0. Is 1/b + 1569210/50 + -5 prime?
True
Suppose -2*i + 6*r + 9079 = r, 4*r - 4546 = -i. Let u = i - 289. Is u composite?
False
Suppose -2579380 = 457*x - 477*x. Is x prime?
True
Let b = 551 - 1139. Let f = -109 - b. Is f prime?
True
Suppose 18*z = -3*z + 63. Is (-210424)/(-87) - z/(-9) a prime number?
False
Suppose -4*w + 2 = -2. Let v be w/4 - (-146625)/92. Let b = v - 681. Is b a prime number?
False
Suppose r = 3*n + 3, -n = r + 2*n + 3. Suppose -5*j = -x - 4762, -3*j + r*j = x - 2862. Is j composite?
False
Suppose -6456447 = -6*j - 21*j + 14371974. Is j composite?
True
Let o(p) = -293*p - 12. Let d(n) = -292*n - 13. Let c = -51 - -56. Let h(b) = c*d(b) - 6*o(b). Is h(6) prime?
False
Suppose 4*n = 12, 0*d - 5*n = 2*d - 25. Let g be 1*5/d + 1. Is (2/g - (-93 + 2)) + -3 prime?
True
Let y = -138824 - -262761. Is (-2)/((-18)/y) - 18/(-81) a prime number?
False
Let o be 3/8 + (-420)/96. Let a(f) = -f**2 - f + 16. Let d be a(o). Suppose d*k - 9724 = 4*u, 4*k + u = 6*u + 9726. Is k a prime number?
False
Suppose 2*n - 5*p + 626 = 3*n, -2*p + 1220 = 2*n. Let h(d) = -10*d**3 + 16*d**2 - 15*d + 29. Let j be h(4). Let q = j + n. Is q a prime number?
True
Suppose 82 = 9*u + 28. Suppose 5*t - 17611 = -u*t. Is t composite?
False
Is (-156 + 153)*(514/(-6) - -1) composite?
True
Is (-310)/70 + 5 - 1352977/(-7) a composite number?
False
Let g(b) = 10*b**3 - 79*b**2 + 18*b + 781. Is g(46) prime?
False
Is (19273/(-8))/(15/(-24) - 2/(-4)) prime?
True
Let n = -13 - -19. Let f be 2/n + 2182/6. Suppose 4*v = -q + 1521, 4*v - 3*q = 3*v + f. Is v composite?
False
Is -6 - (10 + -12653 - -8) a prime number?
False
Let k(b) = -50534*b - 137. Is k(-3) a prime number?
False
Let r(n) = n + 19 - 15 + 18. Let u be r(-18). Suppose -2*i + u*k = 5*k - 986, 1002 = 2*i + 5*k. Is i prime?
True
Suppose y + 6 = 0, -2*a - 34*y = -35*y - 555740. Is a a composite number?
True
Let p(y) = -17*y**3 - 6*y**2 - 2*y - 25. Suppose -33 = -x - 41. Is p(x) prime?
True
Let p = 33 + -24. Is (-23420)/(-9) + 7 + (-2)/p composite?
False
Let w(x) = -7790*x + 64. Let g be w(-13). Is g/10 + (-8)/20 prime?
True
Let q(b) = -3*b**3 - 16*b**2 - 5*b. Let g be q(-5). Is (-11805)/(-30)*(14 + g) a prime number?
False
Suppose -68*g + 54695 = -65*g + 4*a, g - 18235 = -3*a. Is g a prime number?
True
Let w = 214553 + -13524. Is w a composite number?
True
Suppose 57*p - 2214126 = 9396033. Is p a composite number?
True
Suppose -s - 179249 = -12*s + 14450. Is s composite?
False
Suppose 72*d + 40098 = 74*d. Suppose 2*u + 2786 - 22875 = 3*i, -2*u + d = 5*i. Is u prime?
True
Let x(d) = 3794*d + 9393. Is x(50) prime?
False
Let r be (0 - 1)/(1 + 1/(-2)). Is 159/r*(-82)/123 prime?
True
Suppose 1666776 + 1624955 = 19*a. Is a a prime number?
True
Suppose 0 = -2*x + 4*h + 20, 8*h - 3*h = -2*x - 16. Let z be (1 - x/(-10))/(27/(-1260)). Is (-24)/z - 2860/(-7) prime?
True
Suppose -4*k + 24799 + 57739 = 5*h, -5*k = -4*h - 103111. Is k a prime number?
True
Let h(s) = s**2 + s + 3250. Let x be h(0). Let t = -9574 - -15077. Let i = t - x. Is i a composite number?
True
Suppose -21589 = -3*a - h, 0*a - 4*h - 21599 = -3*a. Suppose 3*m = -15, 13*m - 15*m = -d + a. Is d composite?
False
Let m(f) = 6721*f**3 + 2*f**2 - 7*f + 35. Is m(3) a composite number?
False
Suppose -4*f + 4*d - 62 = -6*f, -3*d + 63 = 2*f. Suppose -3*h + 6*h = f. Suppose 0 = -h*y + 7*y + 8644. Is y composite?
False
Let o = -46 + 17. Let y = 32 + o. Is 908 + 0 + 0 + y a prime number?
True
Suppose 2*n + 3*n - 120 = 0. Let w = -21 + n. Suppose 5*h = -3*d + 203, -w*h + 121 = 3*d - d. Is h prime?
True
Suppose